e factors of (-1)/13 + 1707072/208?
29, 283
Let d be (-8)/(-5)*7*(-25)/(-14). Suppose -19 = 3*h - 43. What are the prime factors of 2/(h/d) - -12?
17
Suppose 2*x - 47126 = -5*v - 11690, -3*v + 21273 = 5*x. What are the prime factors of v?
2, 3, 1181
Let d(p) = -p**2 + 5*p. Let n be d(4). Suppose y - 428 = 3*i, 4*y = 5*i - n*i + 150. What are the prime factors of i/(((-40)/12)/5)?
3, 71
Let u(l) = -66*l**3 - l**2 - 1. Let i be u(1). List the prime factors of (-2)/(3 - 95/35)*i.
2, 7, 17
Suppose -5 = 42*l - 47*l, 51255 = 2*s + 5*l. List the prime factors of s.
5, 41
Let q = 34 + -31. Suppose 222 = -4*t + 2*y, q*t + 1 = 4*y - 173. Let n = -52 - t. What are the prime factors of n?
2
Let x = 10230 + -2189. List the prime factors of x.
11, 17, 43
Let a = 20 - -19. Let c = 89 - a. List the prime factors of c.
2, 5
Suppose 15*v + 4594 = -55*v + 22584. List the prime factors of v.
257
Let k(i) = 4*i**2 - 154*i - 74. Let w be k(40). Suppose 155*f + 5247 = w*f. What are the prime factors of f?
3, 53
Let l = 8316 - 951. List the prime factors of l.
3, 5, 491
Let v be 7/6*(-12)/(-21)*-6. Let c be (0 + 0)/(8/v). List the prime factors of 0 + (-2 - c) - (-304)/4.
2, 37
Suppose -2*i = -2*j + 10, -4*j - 19 = 5*i - 3*j. Let b be (0 + 0)/i - -14. List the prime factors of (120/b)/(1/7).
2, 3, 5
Let r(m) = 15018*m - 1479. What are the prime factors of r(3)?
3, 5, 7, 83
Suppose 2*d + 19864 = -11*d. Let a = d - -2618. List the prime factors of a.
2, 5, 109
Suppose -3*y - 3*o = -33, 5*y - 41 = o + o. Let r = -4 - y. Let h(f) = f**3 + 13*f**2 - 8*f + 1. What are the prime factors of h(r)?
3, 5, 7
Let l = -47735 + 90625. What are the prime factors of l?
2, 5, 4289
Let q = -3527 - -12478. What are the prime factors of q?
8951
Let r = -77 + 119. Suppose -r*x + 27750 = -5*x. List the prime factors of x.
2, 3, 5
Suppose 0*l + 20 = -l. Let d be (4/(-2))/((-22)/1100) - (-5 - 0). Let c = d - l. List the prime factors of c.
5
Let r = 48548 + -28441. What are the prime factors of r?
20107
Suppose 4*n = 4*c + 122796, -442*n - 5*c = -443*n + 30731. What are the prime factors of n?
47, 653
Let c be (-42)/35*(-20)/3. Suppose 4*m - 133 = -3*m. Let b = m + c. What are the prime factors of b?
3
Let k be (-290)/8 + 7/28. Let v = 35 + k. List the prime factors of ((-12)/16)/v*4.
3
Let m(g) = g**3 - 2*g**2 - 13*g - 23. Let t be m(6). Let o = 249 + t. What are the prime factors of o?
2, 73
Suppose 19 - 14 = 5*l. Let c be (l/(-2))/(4/(-536)). Let g = c + -46. List the prime factors of g.
3, 7
Let q be ((-8)/(-10))/(122/20 - 6). Suppose 5*y - 2681 = -5*s + q*s, -1601 = -3*y - 2*s. List the prime factors of y.
5, 107
Suppose 0 = -14*z + 32*z. List the prime factors of 212/4*(14 + -1 + z).
13, 53
Suppose 3*s + 4 = -59. Suppose 3*r + 25 - 4 = 0. List the prime factors of (-2 - 1437/s) + 3/r.
2, 3, 11
Let v(x) = 266*x**3 - 14*x**2 + 20*x + 5. List the prime factors of v(4).
5, 11, 307
Let q = 42526 - 23308. List the prime factors of q.
2, 3, 3203
Let a = -252 + 252. Suppose -3*y = -w + 142 - 1195, a = 5*w. List the prime factors of y.
3, 13
Suppose 15*f = 4*f + 16852. Let i = f + -907. What are the prime factors of i?
5
Let o(t) = -57*t + 49*t**2 - 2*t**3 - 3*t**3 + 53 + 14*t**2 + 13*t**3 - 6*t**3. What are the prime factors of o(-32)?
853
Suppose -36 - 124 = -10*z. Suppose 4*q - 4 = z. Suppose 485 = 5*x - 5*l - 30, 5*l = -q*x + 555. What are the prime factors of x?
107
Let y = 86677 - 41538. What are the prime factors of y?
45139
Let b be 4/(-12) + (-181615)/(-21). Suppose 118*m = 126*m - b. List the prime factors of m.
23, 47
What are the prime factors of 2332 - ((20 - 11) + -1 + -3)?
13, 179
Suppose 2*g - f = 4923 + 3285, 4*g - 3*f - 16412 = 0. List the prime factors of g.
2, 2053
Suppose 307*n = 309*n - i - 10360, 5*n - 25900 = 3*i. What are the prime factors of n?
2, 5, 7, 37
Let k be (1074 + -28)/(1 + 0). Suppose 2*l = -2*j + 780, 0 = -4*j + 3*l + k + 549. List the prime factors of j.
5, 79
Let t(d) = 58*d**2 - d - 2. Suppose -2*c + 5*b = -99, 0*b = 4*c - b - 189. Let v = 46 - c. What are the prime factors of t(v)?
3, 19
Suppose -47 + 5 = 7*d. Let a be 26/(-39) + (-22)/d. Suppose -a*q = -4*q + 51. What are the prime factors of q?
3, 17
Let n(z) = -z + 2. Let o be n(-9). Suppose 8694 = o*g + 10*g. List the prime factors of g.
2, 3, 23
Let z be (-37)/(1 + -2) - 0. Let p = z + -22. Suppose -2*m + 1 = 4*u - 5*u, -2*m + p = u. What are the prime factors of u?
7
Suppose 0 = -3*t - x + 16, 3*t + 3 = -3*x + 21. Suppose t*y = -583 - 142. List the prime factors of 1*(3 + -4)*y.
5, 29
Suppose -q - 4*v + 23 = 0, -7*q + 40 = -2*q + 5*v. Suppose -5*l = -h - 4 + 205, 0 = q*l - 2*h + 122. Let x = -30 - l. What are the prime factors of x?
2, 5
Let l be ((-24)/(-9) + -4)/((-2)/12). What are the prime factors of 5091/l + 3/(-8)?
2, 3, 53
Suppose -127 = 5*c + l - 131, -4*l + 16 = 0. Let a be 60*(1 - (-51)/9). Suppose 2*s = 3*m + 153, 0 = -c*s + 5*s - 4*m - a. List the prime factors of s.
2, 3, 7
Suppose 2 = 3*q - 49. Suppose q*n - 16080 = -3*n. What are the prime factors of n?
2, 3, 67
Let o = -1211 - -804. Let u = o + 617. List the prime factors of u.
2, 3, 5, 7
Let y = -51 + 343. Let w be y/(-6) + (-2)/6. Let n = w - -117. List the prime factors of n.
2, 17
Let f(i) = 2*i**2 - 6*i + 7. Let y be f(1). List the prime factors of 2*(-2781)/(-4) + y/(-6).
2, 5, 139
Let t be 20724/60 + -3 + (-39)/(-15). Suppose 8*g - 3657 = -t. What are the prime factors of g?
2, 3, 23
Suppose -255657 = -12*k - 29*k + 167258. List the prime factors of k.
5, 2063
List the prime factors of (17469/6)/((-8)/(-14) - (-75)/(-1050)).
3, 647
Let c be (9 - 4)*(54/15)/6. Let q(n) = n - c*n**3 - 3*n**3 + 188 - n**2 + 5*n**3. What are the prime factors of q(0)?
2, 47
Let n(z) = z + 32. Let y be n(-7). Suppose -v - y = -29. Suppose 38 = 2*b + 2*s - 114, -2*s = v*b - 300. What are the prime factors of b?
2, 37
Suppose 3*v - v = 20. Let m be ((-6)/v)/((-2)/10). Suppose 2*n - j - 56 = -2*j, -m*j = 3*n - 87. List the prime factors of n.
3
Suppose 6 = -3*c + c. Let v(a) = -42*a + 1. Let d be v(c). Suppose -d = -2*p + 3*x, 3*x + 171 + 80 = 4*p. What are the prime factors of p?
2, 31
Suppose -51*d + 2823332 - 322838 + 957306 = 0. What are the prime factors of d?
2, 3, 5, 113
Let i(r) = -r**3 + 15*r**2 - 11*r + 31. Let s(a) = -6*a + 40. Let z be s(6). Suppose 3*y - 3*c = 57, -2*y = -y - z*c - 34. List the prime factors of i(y).
73
What are the prime factors of 66806 - (-98)/(21 + -28)?
2, 3, 11, 23
Let c(g) = -24*g + 6. Let m be c(-5). Suppose -w + 42 = 3*b + b, -3*w - 3*b + m = 0. Let p = 135 - w. List the prime factors of p.
3, 31
Suppose 2*d + 1 = 5. Let g(t) = 115*t + 2*t**2 - t**2 - 112*t - 4. List the prime factors of g(d).
2, 3
Suppose 0 = 4*q - 5*j - 184, -2*q + 92 = -4*j - j. Let r be -6 + q/8 + 3317/4. Suppose 7*g - r = 459. What are the prime factors of g?
2, 23
Suppose -251200 = 22*o + 60*o - 1123844. List the prime factors of o.
2, 17, 313
Let r be 616/11 - (0 + 2/1). Let v = r - 50. Suppose 0 = 5*d - v*i - 527 - 190, 5*d = -3*i + 731. What are the prime factors of d?
5, 29
Let f(o) = o**3 + 3*o**2 - 5*o - 7. Let r be f(-4). Let n = 1 - r. What are the prime factors of (-462)/(-12) + n - (-2)/4?
43
Let t = -12852 + 20795. List the prime factors of t.
13, 47
What are the prime factors of (-1)/(4/6)*(84725/(-15) - -3)?
2, 29, 73
Let i be ((9 - 8)*-517)/(2/2). Let t = -421 - i. What are the prime factors of t?
2, 3
Let i = -16502 + 35948. What are the prime factors of i?
2, 3, 7, 463
Suppose -4*q = 5*z - 53500, -2*q + 21 = 21. List the prime factors of z.
2, 5, 107
Let n be (-8 - -2)/(-3 + (-754)/(-250)). Let a = -231 - n. What are the prime factors of (a/20)/((-2)/(-10))?
2, 3
Let p(r) = 691*r + 2825. What are the prime factors of p(28)?
3, 19, 389
Let j = -6 - -16. Suppose j*v = 8*v + 136. What are the prime factors of v?
2, 17
Suppose 8*w = 3*w + 3*y + 35, -5*w = 5*y + 5. Suppose 3*n + f + 33 = w*f, 35 = -5*n + f. List the prime factors of (-8)/(-48) - 623/n.
2, 13
What are the prime factors of (7 - (-286)/(-39))*(-1 - 26101 - 1)?
7, 11, 113
List the prime factors of (-7*(-286)/273)/(2/2883).
11, 31
Let m be (-2)/(-4) + 0 + 3/(-6). Suppose 24*p - 23*p - 116 = m. List the prime factors of p.
2, 29
Let t(n) = -n**2 - 11*n + 8. Let d